{"id":1141,"date":"2023-11-08T12:52:03","date_gmt":"2023-11-08T12:52:03","guid":{"rendered":"https:\/\/bibliotecas.aeqb.edu.pt\/?page_id=1141"},"modified":"2024-07-11T08:16:55","modified_gmt":"2024-07-11T08:16:55","slug":"campeonato-da-ciencia-e-escrita-criativa","status":"publish","type":"page","link":"https:\/\/bibliotecas.aeqb.edu.pt\/?page_id=1141","title":{"rendered":"Campeonato da Ci\u00eancia e Escrita Criativa"},"content":{"rendered":"\n<div style=\"height:25px\" aria-hidden=\"true\" class=\"wp-block-spacer\"><\/div>\n\n\n\n<div class=\"wp-block-media-text is-stacked-on-mobile\" style=\"grid-template-columns:35% auto\"><figure class=\"wp-block-media-text__media\"><img fetchpriority=\"high\" decoding=\"async\" width=\"1024\" height=\"544\" src=\"https:\/\/bibliotecas.aeqb.edu.pt\/wp-content\/uploads\/2024\/07\/Cartaz_A3-1024x544-1.png\" alt=\"\" class=\"wp-image-2562 size-full\" srcset=\"https:\/\/bibliotecas.aeqb.edu.pt\/wp-content\/uploads\/2024\/07\/Cartaz_A3-1024x544-1.png 1024w, https:\/\/bibliotecas.aeqb.edu.pt\/wp-content\/uploads\/2024\/07\/Cartaz_A3-1024x544-1-300x159.png 300w, https:\/\/bibliotecas.aeqb.edu.pt\/wp-content\/uploads\/2024\/07\/Cartaz_A3-1024x544-1-768x408.png 768w\" sizes=\"(max-width: 1024px) 100vw, 1024px\" \/><\/figure><div class=\"wp-block-media-text__content\">\n<p>O Campeonato de Ci\u00eancia e Escrita Criativa lan\u00e7a a sua 5\u00aa edi\u00e7\u00e3o, a decorrer at\u00e9 maio de 2025. A iniciativa tem como objetivo principal promover a leitura, a escrita e o aprofundamento de conhecimentos cient\u00edficos dos participantes, a partir da leitura de livros da cole\u00e7\u00e3o O Clube dos Cientistas, da autora Maria Francisca Macedo.<\/p>\n\n\n\n<p>Ap\u00f3s a leitura de um livro da cole\u00e7\u00e3o, os participantes selecionam uma parte em que os protagonistas se confrontam com um problema, propondo uma solu\u00e7\u00e3o alternativa que inclua um protocolo experimental, \u00e0 semelhan\u00e7a dos que constam no final de cada livro.<\/p>\n<\/div><\/div>\n","protected":false},"excerpt":{"rendered":"<p>O Campeonato de Ci\u00eancia e Escrita Criativa lan\u00e7a a sua 5\u00aa edi\u00e7\u00e3o, a decorrer at\u00e9 maio de 2025. A iniciativa tem como objetivo principal promover a leitura, a escrita e o aprofundamento de conhecimentos cient\u00edficos dos participantes, a partir da leitura de livros da cole\u00e7\u00e3o O Clube dos Cientistas, da autora Maria Francisca Macedo. Ap\u00f3s a leitura de um livro da cole\u00e7\u00e3o, os participantes selecionam uma parte em que os protagonistas se confrontam com um problema, propondo uma solu\u00e7\u00e3o alternativa que inclua um protocolo experimental, \u00e0 semelhan\u00e7a dos que constam no final de cada livro.<\/p>\n","protected":false},"author":4,"featured_media":0,"parent":0,"menu_order":0,"comment_status":"closed","ping_status":"closed","template":"","meta":{"footnotes":""},"class_list":["post-1141","page","type-page","status-publish","hentry"],"acf":[],"_links":{"self":[{"href":"https:\/\/bibliotecas.aeqb.edu.pt\/index.php?rest_route=\/wp\/v2\/pages\/1141","targetHints":{"allow":["GET"]}}],"collection":[{"href":"https:\/\/bibliotecas.aeqb.edu.pt\/index.php?rest_route=\/wp\/v2\/pages"}],"about":[{"href":"https:\/\/bibliotecas.aeqb.edu.pt\/index.php?rest_route=\/wp\/v2\/types\/page"}],"author":[{"embeddable":true,"href":"https:\/\/bibliotecas.aeqb.edu.pt\/index.php?rest_route=\/wp\/v2\/users\/4"}],"replies":[{"embeddable":true,"href":"https:\/\/bibliotecas.aeqb.edu.pt\/index.php?rest_route=%2Fwp%2Fv2%2Fcomments&post=1141"}],"version-history":[{"count":3,"href":"https:\/\/bibliotecas.aeqb.edu.pt\/index.php?rest_route=\/wp\/v2\/pages\/1141\/revisions"}],"predecessor-version":[{"id":2563,"href":"https:\/\/bibliotecas.aeqb.edu.pt\/index.php?rest_route=\/wp\/v2\/pages\/1141\/revisions\/2563"}],"wp:attachment":[{"href":"https:\/\/bibliotecas.aeqb.edu.pt\/index.php?rest_route=%2Fwp%2Fv2%2Fmedia&parent=1141"}],"curies":[{"name":"wp","href":"https:\/\/api.w.org\/{rel}","templated":true}]}}