{"id":1203,"date":"2023-11-14T21:06:01","date_gmt":"2023-11-14T21:06:01","guid":{"rendered":"https:\/\/bibliotecas.aeqb.edu.pt\/?page_id=1203"},"modified":"2023-11-14T21:06:01","modified_gmt":"2023-11-14T21:06:01","slug":"ser-escritor-e-cool","status":"publish","type":"page","link":"https:\/\/bibliotecas.aeqb.edu.pt\/?page_id=1203","title":{"rendered":"Ser escritor \u00e9 cool"},"content":{"rendered":"\n<h4 class=\"wp-block-heading\">Edi\u00e7\u00e3o 2023-2024<\/h4>\n\n\n\n<p><strong>Desafios<\/strong><\/p>\n\n\n\n<p>Os participantes dever\u00e3o criar uma s\u00e9rie, em que cada um dos desafios corresponde a um epis\u00f3dio.\u00a0<br>Os trabalhos poder\u00e3o ser realizados nos seguintes formatos:\u00a0<\/p>\n\n\n\n<figure class=\"wp-block-image size-full\"><img fetchpriority=\"high\" decoding=\"async\" width=\"885\" height=\"152\" src=\"https:\/\/bibliotecas.aeqb.edu.pt\/wp-content\/uploads\/2023\/11\/image-1.png\" alt=\"\" class=\"wp-image-1204\" srcset=\"https:\/\/bibliotecas.aeqb.edu.pt\/wp-content\/uploads\/2023\/11\/image-1.png 885w, https:\/\/bibliotecas.aeqb.edu.pt\/wp-content\/uploads\/2023\/11\/image-1-300x52.png 300w, https:\/\/bibliotecas.aeqb.edu.pt\/wp-content\/uploads\/2023\/11\/image-1-768x132.png 768w\" sizes=\"(max-width: 885px) 100vw, 885px\" \/><\/figure>\n\n\n\n<p>Nota: os trabalhos em formato de v\u00eddeo e podcast devem ser acompanhados de um gui\u00e3o com o texto e\/ou a planifica\u00e7\u00e3o da fase de conce\u00e7\u00e3o, bem de uma ficha t\u00e9cnica.<\/p>\n\n\n\n<p>Os concorrentes podem utilizar apenas um ou v\u00e1rios formatos, ao longo dos tr\u00eas desafios.<\/p>\n\n\n\n<p>Ser\u00e3o lan\u00e7ados<strong>\u00a03 desafios<\/strong>:<\/p>\n\n\n\n<figure class=\"wp-block-image size-full\"><img decoding=\"async\" width=\"885\" height=\"507\" src=\"https:\/\/bibliotecas.aeqb.edu.pt\/wp-content\/uploads\/2023\/11\/image-2.png\" alt=\"\" class=\"wp-image-1205\" srcset=\"https:\/\/bibliotecas.aeqb.edu.pt\/wp-content\/uploads\/2023\/11\/image-2.png 885w, https:\/\/bibliotecas.aeqb.edu.pt\/wp-content\/uploads\/2023\/11\/image-2-300x172.png 300w, https:\/\/bibliotecas.aeqb.edu.pt\/wp-content\/uploads\/2023\/11\/image-2-768x440.png 768w\" sizes=\"(max-width: 885px) 100vw, 885px\" \/><\/figure>\n\n\n\n<p><strong>Participantes<\/strong><\/p>\n\n\n\n<p>Poder\u00e3o concorrer todos os alunos, individualmente ou em grupo (m\u00e1ximo de 4 elementos), por escal\u00e3o. Os alunos\/ grupos n\u00e3o ficam obrigados a concorrer a todos os desafios mas ter\u00e3o mais probabilidades de vencer o pr\u00e9mio final se optarem por faz\u00ea-lo.<\/p>\n\n\n\n<p><strong>Inscri\u00e7\u00f5es<\/strong><\/p>\n\n\n\n<p>As inscri\u00e7\u00f5es dever\u00e3o ser efetuadas nas Bibliotecas Escolares do nosso agrupamento, at\u00e9 ao dia\u00a0<strong>30 de novembro<\/strong>.<\/p>\n","protected":false},"excerpt":{"rendered":"<p>Edi\u00e7\u00e3o 2023-2024 Desafios Os participantes dever\u00e3o criar uma s\u00e9rie, em que cada um dos desafios corresponde a um epis\u00f3dio.\u00a0Os trabalhos poder\u00e3o ser realizados nos seguintes formatos:\u00a0 Nota: os trabalhos em formato de v\u00eddeo e podcast devem ser acompanhados de um gui\u00e3o com o texto e\/ou a planifica\u00e7\u00e3o da fase de conce\u00e7\u00e3o, bem de uma ficha t\u00e9cnica. Os concorrentes podem utilizar apenas um ou v\u00e1rios formatos, ao longo dos tr\u00eas desafios. Ser\u00e3o lan\u00e7ados\u00a03 desafios: Participantes Poder\u00e3o concorrer todos os alunos, individualmente ou em grupo (m\u00e1ximo de 4 elementos), por escal\u00e3o. Os alunos\/ grupos n\u00e3o ficam obrigados a concorrer a todos os desafios mas ter\u00e3o mais probabilidades de vencer o pr\u00e9mio final se optarem por faz\u00ea-lo. Inscri\u00e7\u00f5es As inscri\u00e7\u00f5es dever\u00e3o ser efetuadas nas Bibliotecas Escolares do nosso agrupamento, at\u00e9 ao dia\u00a030 de novembro.<\/p>\n","protected":false},"author":4,"featured_media":0,"parent":0,"menu_order":0,"comment_status":"closed","ping_status":"closed","template":"","meta":{"footnotes":""},"class_list":["post-1203","page","type-page","status-publish","hentry"],"acf":[],"_links":{"self":[{"href":"https:\/\/bibliotecas.aeqb.edu.pt\/index.php?rest_route=\/wp\/v2\/pages\/1203","targetHints":{"allow":["GET"]}}],"collection":[{"href":"https:\/\/bibliotecas.aeqb.edu.pt\/index.php?rest_route=\/wp\/v2\/pages"}],"about":[{"href":"https:\/\/bibliotecas.aeqb.edu.pt\/index.php?rest_route=\/wp\/v2\/types\/page"}],"author":[{"embeddable":true,"href":"https:\/\/bibliotecas.aeqb.edu.pt\/index.php?rest_route=\/wp\/v2\/users\/4"}],"replies":[{"embeddable":true,"href":"https:\/\/bibliotecas.aeqb.edu.pt\/index.php?rest_route=%2Fwp%2Fv2%2Fcomments&post=1203"}],"version-history":[{"count":1,"href":"https:\/\/bibliotecas.aeqb.edu.pt\/index.php?rest_route=\/wp\/v2\/pages\/1203\/revisions"}],"predecessor-version":[{"id":1206,"href":"https:\/\/bibliotecas.aeqb.edu.pt\/index.php?rest_route=\/wp\/v2\/pages\/1203\/revisions\/1206"}],"wp:attachment":[{"href":"https:\/\/bibliotecas.aeqb.edu.pt\/index.php?rest_route=%2Fwp%2Fv2%2Fmedia&parent=1203"}],"curies":[{"name":"wp","href":"https:\/\/api.w.org\/{rel}","templated":true}]}}