{"id":2362,"date":"2024-05-28T13:38:15","date_gmt":"2024-05-28T13:38:15","guid":{"rendered":"https:\/\/bibliotecas.aeqb.edu.pt\/?page_id=2362"},"modified":"2024-05-28T13:39:26","modified_gmt":"2024-05-28T13:39:26","slug":"vaivem-de-escritas","status":"publish","type":"page","link":"https:\/\/bibliotecas.aeqb.edu.pt\/?page_id=2362","title":{"rendered":"Vaiv\u00e9m de Escritas"},"content":{"rendered":"\n<h4 class=\"wp-block-heading has-text-align-right\">PR\u00c9-ESCOLAR, 1.\u00ba, 2.\u00ba e 3.\u00ba CICLOS<\/h4>\n\n\n\n<p class=\"has-text-align-right\"><strong>Ao longo do ano letivo<\/strong><\/p>\n\n\n\n<div class=\"wp-block-media-text has-media-on-the-right is-stacked-on-mobile\" style=\"grid-template-columns:auto 37%\"><div class=\"wp-block-media-text__content\">\n<p>Interc\u00e2mbio de escrita entre turmas de ciclos de ensino diferentes.<br>Cria\u00e7\u00e3o de objetos a partir de hist\u00f3rias e de hist\u00f3rias a partir de objetos.<\/p>\n<\/div><figure class=\"wp-block-media-text__media\"><img fetchpriority=\"high\" decoding=\"async\" width=\"488\" height=\"247\" src=\"https:\/\/bibliotecas.aeqb.edu.pt\/wp-content\/uploads\/2024\/05\/2.-Vaivem-de-escritas.png\" alt=\"\" class=\"wp-image-2371 size-full\" srcset=\"https:\/\/bibliotecas.aeqb.edu.pt\/wp-content\/uploads\/2024\/05\/2.-Vaivem-de-escritas.png 488w, https:\/\/bibliotecas.aeqb.edu.pt\/wp-content\/uploads\/2024\/05\/2.-Vaivem-de-escritas-300x152.png 300w\" sizes=\"(max-width: 488px) 100vw, 488px\" \/><\/figure><\/div>\n\n\n\n<div style=\"height:50px\" aria-hidden=\"true\" class=\"wp-block-spacer\"><\/div>\n\n\n\n<h4 class=\"wp-block-heading\">Estrutura<\/h4>\n\n\n\n<figure class=\"wp-block-image size-full\"><img decoding=\"async\" width=\"970\" height=\"533\" src=\"https:\/\/bibliotecas.aeqb.edu.pt\/wp-content\/uploads\/2023\/11\/image-3.png\" alt=\"\" class=\"wp-image-1233\" srcset=\"https:\/\/bibliotecas.aeqb.edu.pt\/wp-content\/uploads\/2023\/11\/image-3.png 970w, https:\/\/bibliotecas.aeqb.edu.pt\/wp-content\/uploads\/2023\/11\/image-3-300x165.png 300w, https:\/\/bibliotecas.aeqb.edu.pt\/wp-content\/uploads\/2023\/11\/image-3-768x422.png 768w\" sizes=\"(max-width: 970px) 100vw, 970px\" \/><\/figure>\n","protected":false},"excerpt":{"rendered":"<p>PR\u00c9-ESCOLAR, 1.\u00ba, 2.\u00ba e 3.\u00ba CICLOS Ao longo do ano letivo Interc\u00e2mbio de escrita entre turmas de ciclos de ensino diferentes.Cria\u00e7\u00e3o de objetos a partir de hist\u00f3rias e de hist\u00f3rias a partir de objetos. Estrutura<\/p>\n","protected":false},"author":4,"featured_media":0,"parent":0,"menu_order":0,"comment_status":"closed","ping_status":"closed","template":"","meta":{"footnotes":""},"class_list":["post-2362","page","type-page","status-publish","hentry"],"acf":[],"_links":{"self":[{"href":"https:\/\/bibliotecas.aeqb.edu.pt\/index.php?rest_route=\/wp\/v2\/pages\/2362","targetHints":{"allow":["GET"]}}],"collection":[{"href":"https:\/\/bibliotecas.aeqb.edu.pt\/index.php?rest_route=\/wp\/v2\/pages"}],"about":[{"href":"https:\/\/bibliotecas.aeqb.edu.pt\/index.php?rest_route=\/wp\/v2\/types\/page"}],"author":[{"embeddable":true,"href":"https:\/\/bibliotecas.aeqb.edu.pt\/index.php?rest_route=\/wp\/v2\/users\/4"}],"replies":[{"embeddable":true,"href":"https:\/\/bibliotecas.aeqb.edu.pt\/index.php?rest_route=%2Fwp%2Fv2%2Fcomments&post=2362"}],"version-history":[{"count":2,"href":"https:\/\/bibliotecas.aeqb.edu.pt\/index.php?rest_route=\/wp\/v2\/pages\/2362\/revisions"}],"predecessor-version":[{"id":2372,"href":"https:\/\/bibliotecas.aeqb.edu.pt\/index.php?rest_route=\/wp\/v2\/pages\/2362\/revisions\/2372"}],"wp:attachment":[{"href":"https:\/\/bibliotecas.aeqb.edu.pt\/index.php?rest_route=%2Fwp%2Fv2%2Fmedia&parent=2362"}],"curies":[{"name":"wp","href":"https:\/\/api.w.org\/{rel}","templated":true}]}}