{"id":2454,"date":"2024-07-05T15:34:52","date_gmt":"2024-07-05T15:34:52","guid":{"rendered":"https:\/\/bibliotecas.aeqb.edu.pt\/?page_id=2454"},"modified":"2024-07-11T07:11:08","modified_gmt":"2024-07-11T07:11:08","slug":"maratona-do-conhecimento","status":"publish","type":"page","link":"https:\/\/bibliotecas.aeqb.edu.pt\/?page_id=2454","title":{"rendered":"Maratona do Conhecimento"},"content":{"rendered":"\n<h4 class=\"wp-block-heading has-text-align-right\">2.\u00ba e 3.\u00ba Ciclos<\/h4>\n\n\n\n<p class=\"has-text-align-right\"><strong>Ao longo do ano letivo<\/strong><\/p>\n\n\n\n<div style=\"height:40px\" aria-hidden=\"true\" class=\"wp-block-spacer\"><\/div>\n\n\n\n<h3 class=\"wp-block-heading\">Qual \u00e9 a melhor turma da escola?<\/h3>\n\n\n\n<div class=\"wp-block-media-text has-media-on-the-right is-stacked-on-mobile\" style=\"grid-template-columns:auto 23%\"><div class=\"wp-block-media-text__content\">\n<p>Todas as turmas de 2.\u00ba e 3.\u00ba ciclos estar\u00e3o a concurso nesta Maratona do Conhecimento.<\/p>\n\n\n\n<p>Ser\u00e3o atribu\u00eddos pontos a todas as atividades efetuadas ou propostas pelas Bibliotecas Escolares, para al\u00e9m de uma s\u00e9rie de desafios lan\u00e7ados pelas BE ao longo do ano letivo.<\/p>\n<\/div><figure class=\"wp-block-media-text__media\"><img fetchpriority=\"high\" decoding=\"async\" width=\"500\" height=\"500\" src=\"https:\/\/bibliotecas.aeqb.edu.pt\/wp-content\/uploads\/2024\/07\/Maratona-do-Conhecimento.png\" alt=\"\" class=\"wp-image-2455 size-full\" srcset=\"https:\/\/bibliotecas.aeqb.edu.pt\/wp-content\/uploads\/2024\/07\/Maratona-do-Conhecimento.png 500w, https:\/\/bibliotecas.aeqb.edu.pt\/wp-content\/uploads\/2024\/07\/Maratona-do-Conhecimento-300x300.png 300w, https:\/\/bibliotecas.aeqb.edu.pt\/wp-content\/uploads\/2024\/07\/Maratona-do-Conhecimento-150x150.png 150w, https:\/\/bibliotecas.aeqb.edu.pt\/wp-content\/uploads\/2024\/07\/Maratona-do-Conhecimento-75x75.png 75w\" sizes=\"(max-width: 500px) 100vw, 500px\" \/><\/figure><\/div>\n\n\n\n<h3 class=\"wp-block-heading\">Que atividades d\u00e3o pontos?<\/h3>\n\n\n\n<p>S\u00e3o muitas as atividades que d\u00e3o pontos ao longo do ano. Basta estar atento \u00e0s publica\u00e7\u00f5es das BE e participar.<\/p>\n\n\n\n<figure class=\"wp-block-image size-large\"><img decoding=\"async\" width=\"1024\" height=\"546\" src=\"https:\/\/bibliotecas.aeqb.edu.pt\/wp-content\/uploads\/2024\/07\/Biblioteca-a-la-CARTE-2024-2025-1024x546.png\" alt=\"\" class=\"wp-image-2456\" srcset=\"https:\/\/bibliotecas.aeqb.edu.pt\/wp-content\/uploads\/2024\/07\/Biblioteca-a-la-CARTE-2024-2025-1024x546.png 1024w, https:\/\/bibliotecas.aeqb.edu.pt\/wp-content\/uploads\/2024\/07\/Biblioteca-a-la-CARTE-2024-2025-300x160.png 300w, https:\/\/bibliotecas.aeqb.edu.pt\/wp-content\/uploads\/2024\/07\/Biblioteca-a-la-CARTE-2024-2025-768x410.png 768w, https:\/\/bibliotecas.aeqb.edu.pt\/wp-content\/uploads\/2024\/07\/Biblioteca-a-la-CARTE-2024-2025-1140x608.png 1140w, https:\/\/bibliotecas.aeqb.edu.pt\/wp-content\/uploads\/2024\/07\/Biblioteca-a-la-CARTE-2024-2025.png 1414w\" sizes=\"(max-width: 1024px) 100vw, 1024px\" \/><\/figure>\n","protected":false},"excerpt":{"rendered":"<p>2.\u00ba e 3.\u00ba Ciclos Ao longo do ano letivo Qual \u00e9 a melhor turma da escola? Todas as turmas de 2.\u00ba e 3.\u00ba ciclos estar\u00e3o a concurso nesta Maratona do Conhecimento. Ser\u00e3o atribu\u00eddos pontos a todas as atividades efetuadas ou propostas pelas Bibliotecas Escolares, para al\u00e9m de uma s\u00e9rie de desafios lan\u00e7ados pelas BE ao longo do ano letivo. Que atividades d\u00e3o pontos? S\u00e3o muitas as atividades que d\u00e3o pontos ao longo do ano. Basta estar atento \u00e0s publica\u00e7\u00f5es das BE e participar.<\/p>\n","protected":false},"author":4,"featured_media":0,"parent":0,"menu_order":0,"comment_status":"closed","ping_status":"closed","template":"","meta":{"footnotes":""},"class_list":["post-2454","page","type-page","status-publish","hentry"],"acf":[],"_links":{"self":[{"href":"https:\/\/bibliotecas.aeqb.edu.pt\/index.php?rest_route=\/wp\/v2\/pages\/2454","targetHints":{"allow":["GET"]}}],"collection":[{"href":"https:\/\/bibliotecas.aeqb.edu.pt\/index.php?rest_route=\/wp\/v2\/pages"}],"about":[{"href":"https:\/\/bibliotecas.aeqb.edu.pt\/index.php?rest_route=\/wp\/v2\/types\/page"}],"author":[{"embeddable":true,"href":"https:\/\/bibliotecas.aeqb.edu.pt\/index.php?rest_route=\/wp\/v2\/users\/4"}],"replies":[{"embeddable":true,"href":"https:\/\/bibliotecas.aeqb.edu.pt\/index.php?rest_route=%2Fwp%2Fv2%2Fcomments&post=2454"}],"version-history":[{"count":4,"href":"https:\/\/bibliotecas.aeqb.edu.pt\/index.php?rest_route=\/wp\/v2\/pages\/2454\/revisions"}],"predecessor-version":[{"id":2527,"href":"https:\/\/bibliotecas.aeqb.edu.pt\/index.php?rest_route=\/wp\/v2\/pages\/2454\/revisions\/2527"}],"wp:attachment":[{"href":"https:\/\/bibliotecas.aeqb.edu.pt\/index.php?rest_route=%2Fwp%2Fv2%2Fmedia&parent=2454"}],"curies":[{"name":"wp","href":"https:\/\/api.w.org\/{rel}","templated":true}]}}