{"id":2510,"date":"2024-07-11T06:50:56","date_gmt":"2024-07-11T06:50:56","guid":{"rendered":"https:\/\/bibliotecas.aeqb.edu.pt\/?page_id=2510"},"modified":"2024-07-11T07:00:09","modified_gmt":"2024-07-11T07:00:09","slug":"imaginarte","status":"publish","type":"page","link":"https:\/\/bibliotecas.aeqb.edu.pt\/?page_id=2510","title":{"rendered":"Imagin&#8217;ARTE"},"content":{"rendered":"\n<h4 class=\"wp-block-heading has-text-align-right\">2.\u00ba e 3.\u00ba Ciclos<\/h4>\n\n\n\n<p class=\"has-text-align-right\"><strong>1 sess\u00e3o de 50 minutos<\/strong><\/p>\n\n\n\n<div style=\"height:30px\" aria-hidden=\"true\" class=\"wp-block-spacer\"><\/div>\n\n\n\n<div class=\"wp-block-media-text has-media-on-the-right is-stacked-on-mobile\" style=\"grid-template-columns:auto 27%\"><div class=\"wp-block-media-text__content\">\n<p>Esta atividade pretende que os nossos alunos tomem contacto com a arte, conhecendo obras de pintores famosos e observando as suas pinturas em detalhe. Segue-se um momento de oralidade, onde os alunos exprimem livremente as suas opini\u00f5es e pensamentos. Por \u00faltimo, pede-se aos alunos que imaginem a hist\u00f3ria contada naquela pintura, passando ao papel o que se observa na mesma.<\/p>\n<\/div><figure class=\"wp-block-media-text__media\"><img fetchpriority=\"high\" decoding=\"async\" width=\"500\" height=\"164\" src=\"https:\/\/bibliotecas.aeqb.edu.pt\/wp-content\/uploads\/2024\/07\/imaginarte-Copia.png\" alt=\"\" class=\"wp-image-2511 size-full\" srcset=\"https:\/\/bibliotecas.aeqb.edu.pt\/wp-content\/uploads\/2024\/07\/imaginarte-Copia.png 500w, https:\/\/bibliotecas.aeqb.edu.pt\/wp-content\/uploads\/2024\/07\/imaginarte-Copia-300x98.png 300w\" sizes=\"(max-width: 500px) 100vw, 500px\" \/><\/figure><\/div>\n\n\n\n<div style=\"height:30px\" aria-hidden=\"true\" class=\"wp-block-spacer\"><\/div>\n\n\n\n<p>Como atividade complementar, sugere-se a apresenta\u00e7\u00e3o dos livros sobre esta tem\u00e1tica existentes na biblioteca escolar e a explora\u00e7\u00e3o com os alunos no Google Arts and Culture ou no MoMA Kids de obras do(s) pintor(es.<\/p>\n","protected":false},"excerpt":{"rendered":"<p>2.\u00ba e 3.\u00ba Ciclos 1 sess\u00e3o de 50 minutos Esta atividade pretende que os nossos alunos tomem contacto com a arte, conhecendo obras de pintores famosos e observando as suas pinturas em detalhe. Segue-se um momento de oralidade, onde os alunos exprimem livremente as suas opini\u00f5es e pensamentos. Por \u00faltimo, pede-se aos alunos que imaginem a hist\u00f3ria contada naquela pintura, passando ao papel o que se observa na mesma. Como atividade complementar, sugere-se a apresenta\u00e7\u00e3o dos livros sobre esta tem\u00e1tica existentes na biblioteca escolar e a explora\u00e7\u00e3o com os alunos no Google Arts and Culture ou no MoMA Kids de obras do(s) pintor(es.<\/p>\n","protected":false},"author":4,"featured_media":0,"parent":0,"menu_order":0,"comment_status":"closed","ping_status":"closed","template":"","meta":{"footnotes":""},"class_list":["post-2510","page","type-page","status-publish","hentry"],"acf":[],"_links":{"self":[{"href":"https:\/\/bibliotecas.aeqb.edu.pt\/index.php?rest_route=\/wp\/v2\/pages\/2510","targetHints":{"allow":["GET"]}}],"collection":[{"href":"https:\/\/bibliotecas.aeqb.edu.pt\/index.php?rest_route=\/wp\/v2\/pages"}],"about":[{"href":"https:\/\/bibliotecas.aeqb.edu.pt\/index.php?rest_route=\/wp\/v2\/types\/page"}],"author":[{"embeddable":true,"href":"https:\/\/bibliotecas.aeqb.edu.pt\/index.php?rest_route=\/wp\/v2\/users\/4"}],"replies":[{"embeddable":true,"href":"https:\/\/bibliotecas.aeqb.edu.pt\/index.php?rest_route=%2Fwp%2Fv2%2Fcomments&post=2510"}],"version-history":[{"count":4,"href":"https:\/\/bibliotecas.aeqb.edu.pt\/index.php?rest_route=\/wp\/v2\/pages\/2510\/revisions"}],"predecessor-version":[{"id":2520,"href":"https:\/\/bibliotecas.aeqb.edu.pt\/index.php?rest_route=\/wp\/v2\/pages\/2510\/revisions\/2520"}],"wp:attachment":[{"href":"https:\/\/bibliotecas.aeqb.edu.pt\/index.php?rest_route=%2Fwp%2Fv2%2Fmedia&parent=2510"}],"curies":[{"name":"wp","href":"https:\/\/api.w.org\/{rel}","templated":true}]}}