{"id":55,"date":"2022-08-09T10:56:17","date_gmt":"2022-08-09T10:56:17","guid":{"rendered":"https:\/\/bibliotecas.espan.edu.pt\/?page_id=55"},"modified":"2023-11-07T11:12:22","modified_gmt":"2023-11-07T11:12:22","slug":"monitores-cre","status":"publish","type":"page","link":"https:\/\/bibliotecas.aeqb.edu.pt\/?page_id=55","title":{"rendered":"O projeto"},"content":{"rendered":"\n<div class=\"wp-block-media-text has-media-on-the-right is-stacked-on-mobile\" style=\"grid-template-columns:auto 33%\"><div class=\"wp-block-media-text__content\">\n<p>O projeto dos&nbsp;<strong>Monitores<\/strong>&nbsp;est\u00e1 em curso desde o ano letivo de 2002\/2003. <\/p>\n\n\n\n<p>Ser <strong>Monitor<\/strong> \u00e9 das fun\u00e7\u00f5es mais prestigiadas na escola. <\/p>\n\n\n\n<p>Essa \u00e9 talvez uma das raz\u00f5es que explica o grande n\u00famero de candidaturas que se regista em cada ano.<br><\/p>\n\n\n\n<p>Os professores e funcion\u00e1rios manifestam sempre apre\u00e7o pelos <strong>Monitores <\/strong>e os colegas respeitam-nos.<\/p>\n<\/div><figure class=\"wp-block-media-text__media\"><img fetchpriority=\"high\" decoding=\"async\" width=\"300\" height=\"193\" src=\"https:\/\/bibliotecas.aeqb.edu.pt\/wp-content\/uploads\/2023\/11\/logo.monitores.6cm-300x193-1.jpg\" alt=\"\" class=\"wp-image-798 size-full\"\/><\/figure><\/div>\n","protected":false},"excerpt":{"rendered":"<p>O projeto dos&nbsp;Monitores&nbsp;est\u00e1 em curso desde o ano letivo de 2002\/2003. Ser Monitor \u00e9 das fun\u00e7\u00f5es mais prestigiadas na escola. Essa \u00e9 talvez uma das raz\u00f5es que explica o grande n\u00famero de candidaturas que se regista em cada ano. Os professores e funcion\u00e1rios manifestam sempre apre\u00e7o pelos Monitores e os colegas respeitam-nos.<\/p>\n","protected":false},"author":4,"featured_media":0,"parent":0,"menu_order":0,"comment_status":"closed","ping_status":"closed","template":"","meta":{"footnotes":""},"class_list":["post-55","page","type-page","status-publish","hentry"],"acf":[],"_links":{"self":[{"href":"https:\/\/bibliotecas.aeqb.edu.pt\/index.php?rest_route=\/wp\/v2\/pages\/55","targetHints":{"allow":["GET"]}}],"collection":[{"href":"https:\/\/bibliotecas.aeqb.edu.pt\/index.php?rest_route=\/wp\/v2\/pages"}],"about":[{"href":"https:\/\/bibliotecas.aeqb.edu.pt\/index.php?rest_route=\/wp\/v2\/types\/page"}],"author":[{"embeddable":true,"href":"https:\/\/bibliotecas.aeqb.edu.pt\/index.php?rest_route=\/wp\/v2\/users\/4"}],"replies":[{"embeddable":true,"href":"https:\/\/bibliotecas.aeqb.edu.pt\/index.php?rest_route=%2Fwp%2Fv2%2Fcomments&post=55"}],"version-history":[{"count":12,"href":"https:\/\/bibliotecas.aeqb.edu.pt\/index.php?rest_route=\/wp\/v2\/pages\/55\/revisions"}],"predecessor-version":[{"id":816,"href":"https:\/\/bibliotecas.aeqb.edu.pt\/index.php?rest_route=\/wp\/v2\/pages\/55\/revisions\/816"}],"wp:attachment":[{"href":"https:\/\/bibliotecas.aeqb.edu.pt\/index.php?rest_route=%2Fwp%2Fv2%2Fmedia&parent=55"}],"curies":[{"name":"wp","href":"https:\/\/api.w.org\/{rel}","templated":true}]}}