{"id":895,"date":"2023-11-06T12:31:09","date_gmt":"2023-11-06T12:31:09","guid":{"rendered":"https:\/\/bibliotecas.aeqb.edu.pt\/?page_id=895"},"modified":"2024-02-16T19:55:31","modified_gmt":"2024-02-16T19:55:31","slug":"ligacoes-uteis-2","status":"publish","type":"page","link":"https:\/\/bibliotecas.aeqb.edu.pt\/?page_id=895","title":{"rendered":"Liga\u00e7\u00f5es \u00dateis"},"content":{"rendered":"\n<div class=\"wp-block-columns is-layout-flex wp-container-core-columns-is-layout-9d6595d7 wp-block-columns-is-layout-flex\">\n<div class=\"wp-block-column is-layout-flow wp-block-column-is-layout-flow\"><div class=\"wp-block-image\">\n<figure class=\"aligncenter size-full is-resized\"><img fetchpriority=\"high\" decoding=\"async\" width=\"800\" height=\"602\" src=\"https:\/\/bibliotecas.aeqb.edu.pt\/wp-content\/uploads\/2024\/02\/Template-tamanho-imagem-link-14.jpg\" alt=\"\" class=\"wp-image-1935\" style=\"width:200px;height:auto\" srcset=\"https:\/\/bibliotecas.aeqb.edu.pt\/wp-content\/uploads\/2024\/02\/Template-tamanho-imagem-link-14.jpg 800w, https:\/\/bibliotecas.aeqb.edu.pt\/wp-content\/uploads\/2024\/02\/Template-tamanho-imagem-link-14-300x226.jpg 300w, https:\/\/bibliotecas.aeqb.edu.pt\/wp-content\/uploads\/2024\/02\/Template-tamanho-imagem-link-14-768x578.jpg 768w\" sizes=\"(max-width: 800px) 100vw, 800px\" \/><figcaption class=\"wp-element-caption\"><strong>RBE <\/strong><br>Site da Rede de Bibliotecas Escolares<\/figcaption><\/figure>\n<\/div><\/div>\n\n\n\n<div class=\"wp-block-column is-layout-flow wp-block-column-is-layout-flow\"><div class=\"wp-block-image\">\n<figure class=\"aligncenter size-full is-resized\"><img fetchpriority=\"high\" decoding=\"async\" width=\"800\" height=\"602\" src=\"https:\/\/bibliotecas.aeqb.edu.pt\/wp-content\/uploads\/2024\/02\/Template-tamanho-imagem-link-14.jpg\" alt=\"\" class=\"wp-image-1935\" style=\"width:200px;height:auto\" srcset=\"https:\/\/bibliotecas.aeqb.edu.pt\/wp-content\/uploads\/2024\/02\/Template-tamanho-imagem-link-14.jpg 800w, https:\/\/bibliotecas.aeqb.edu.pt\/wp-content\/uploads\/2024\/02\/Template-tamanho-imagem-link-14-300x226.jpg 300w, https:\/\/bibliotecas.aeqb.edu.pt\/wp-content\/uploads\/2024\/02\/Template-tamanho-imagem-link-14-768x578.jpg 768w\" sizes=\"(max-width: 800px) 100vw, 800px\" \/><figcaption class=\"wp-element-caption\"><strong>BLOGUE DA<\/strong> <strong>RBE <\/strong><br>Blogue da Rede de Bibliotecas Escolares<\/figcaption><\/figure>\n<\/div><\/div>\n\n\n\n<div class=\"wp-block-column is-layout-flow wp-block-column-is-layout-flow\"><div class=\"wp-block-image\">\n<figure class=\"aligncenter size-full is-resized\"><img fetchpriority=\"high\" decoding=\"async\" width=\"800\" height=\"602\" src=\"https:\/\/bibliotecas.aeqb.edu.pt\/wp-content\/uploads\/2024\/02\/Template-tamanho-imagem-link-14.jpg\" alt=\"\" class=\"wp-image-1935\" style=\"width:200px;height:auto\" srcset=\"https:\/\/bibliotecas.aeqb.edu.pt\/wp-content\/uploads\/2024\/02\/Template-tamanho-imagem-link-14.jpg 800w, https:\/\/bibliotecas.aeqb.edu.pt\/wp-content\/uploads\/2024\/02\/Template-tamanho-imagem-link-14-300x226.jpg 300w, https:\/\/bibliotecas.aeqb.edu.pt\/wp-content\/uploads\/2024\/02\/Template-tamanho-imagem-link-14-768x578.jpg 768w\" sizes=\"(max-width: 800px) 100vw, 800px\" \/><figcaption class=\"wp-element-caption\"><strong>APRENDER DIGITAL <\/strong><br>Aprender com a biblioteca escolar. Ferramentas digitais de apoio.<\/figcaption><\/figure>\n<\/div><\/div>\n\n\n\n<div class=\"wp-block-column is-layout-flow wp-block-column-is-layout-flow\"><div class=\"wp-block-image\">\n<figure class=\"aligncenter size-full is-resized\"><img decoding=\"async\" width=\"800\" height=\"602\" src=\"https:\/\/bibliotecas.aeqb.edu.pt\/wp-content\/uploads\/2024\/02\/Template-tamanho-imagem-link-15.jpg\" alt=\"\" class=\"wp-image-1936\" style=\"width:201px;height:auto\" srcset=\"https:\/\/bibliotecas.aeqb.edu.pt\/wp-content\/uploads\/2024\/02\/Template-tamanho-imagem-link-15.jpg 800w, https:\/\/bibliotecas.aeqb.edu.pt\/wp-content\/uploads\/2024\/02\/Template-tamanho-imagem-link-15-300x226.jpg 300w, https:\/\/bibliotecas.aeqb.edu.pt\/wp-content\/uploads\/2024\/02\/Template-tamanho-imagem-link-15-768x578.jpg 768w\" sizes=\"(max-width: 800px) 100vw, 800px\" \/><figcaption class=\"wp-element-caption\"><strong>PLANO NACIONAL DE LEITURA<\/strong><br>Recursos, projetos, sugest\u00f5es, entre outros, de apoio \u00e0 leitura.<\/figcaption><\/figure>\n<\/div><\/div>\n<\/div>\n\n\n\n<div class=\"wp-block-columns is-layout-flex wp-container-core-columns-is-layout-9d6595d7 wp-block-columns-is-layout-flex\">\n<div class=\"wp-block-column is-layout-flow wp-block-column-is-layout-flow\"><div class=\"wp-block-image\">\n<figure class=\"aligncenter size-full is-resized\"><a href=\"https:\/\/mild.rbe.mec.pt\/\" target=\"_blank\" rel=\"noreferrer noopener\"><img decoding=\"async\" width=\"800\" height=\"602\" src=\"https:\/\/bibliotecas.aeqb.edu.pt\/wp-content\/uploads\/2024\/02\/Template-tamanho-imagem-link-16.jpg\" alt=\"\" class=\"wp-image-1941\" style=\"width:200px;height:auto\" srcset=\"https:\/\/bibliotecas.aeqb.edu.pt\/wp-content\/uploads\/2024\/02\/Template-tamanho-imagem-link-16.jpg 800w, https:\/\/bibliotecas.aeqb.edu.pt\/wp-content\/uploads\/2024\/02\/Template-tamanho-imagem-link-16-300x226.jpg 300w, https:\/\/bibliotecas.aeqb.edu.pt\/wp-content\/uploads\/2024\/02\/Template-tamanho-imagem-link-16-768x578.jpg 768w\" sizes=\"(max-width: 800px) 100vw, 800px\" \/><\/a><figcaption class=\"wp-element-caption\"><strong>MILD<\/strong><br>Manual de Instru\u00e7\u00f5es para a Literacia Digital<\/figcaption><\/figure>\n<\/div><\/div>\n\n\n\n<div class=\"wp-block-column is-layout-flow wp-block-column-is-layout-flow\"><div class=\"wp-block-image\">\n<figure class=\"aligncenter size-full is-resized\"><a href=\"https:\/\/cidadania.dge.mec.pt\/\" target=\"_blank\" rel=\"noreferrer noopener\"><img loading=\"lazy\" decoding=\"async\" width=\"800\" height=\"602\" src=\"https:\/\/bibliotecas.aeqb.edu.pt\/wp-content\/uploads\/2024\/02\/Template-tamanho-imagem-link-17.jpg\" alt=\"\" class=\"wp-image-1942\" style=\"width:200px;height:auto\" srcset=\"https:\/\/bibliotecas.aeqb.edu.pt\/wp-content\/uploads\/2024\/02\/Template-tamanho-imagem-link-17.jpg 800w, https:\/\/bibliotecas.aeqb.edu.pt\/wp-content\/uploads\/2024\/02\/Template-tamanho-imagem-link-17-300x226.jpg 300w, https:\/\/bibliotecas.aeqb.edu.pt\/wp-content\/uploads\/2024\/02\/Template-tamanho-imagem-link-17-768x578.jpg 768w\" sizes=\"(max-width: 800px) 100vw, 800px\" \/><\/a><figcaption class=\"wp-element-caption\"><strong>EDUCA\u00c7\u00c3O PARA A CIDADANIA<\/strong><br>Estrat\u00e9gias, not\u00edcias e eventos sobre Educa\u00e7\u00e3o para a Cidadania nas Escolas<\/figcaption><\/figure>\n<\/div><\/div>\n\n\n\n<div class=\"wp-block-column is-layout-flow wp-block-column-is-layout-flow\"><\/div>\n\n\n\n<div class=\"wp-block-column is-layout-flow wp-block-column-is-layout-flow\"><\/div>\n<\/div>\n","protected":false},"excerpt":{"rendered":"","protected":false},"author":4,"featured_media":0,"parent":0,"menu_order":0,"comment_status":"closed","ping_status":"closed","template":"","meta":{"footnotes":""},"class_list":["post-895","page","type-page","status-publish","hentry"],"acf":[],"_links":{"self":[{"href":"https:\/\/bibliotecas.aeqb.edu.pt\/index.php?rest_route=\/wp\/v2\/pages\/895","targetHints":{"allow":["GET"]}}],"collection":[{"href":"https:\/\/bibliotecas.aeqb.edu.pt\/index.php?rest_route=\/wp\/v2\/pages"}],"about":[{"href":"https:\/\/bibliotecas.aeqb.edu.pt\/index.php?rest_route=\/wp\/v2\/types\/page"}],"author":[{"embeddable":true,"href":"https:\/\/bibliotecas.aeqb.edu.pt\/index.php?rest_route=\/wp\/v2\/users\/4"}],"replies":[{"embeddable":true,"href":"https:\/\/bibliotecas.aeqb.edu.pt\/index.php?rest_route=%2Fwp%2Fv2%2Fcomments&post=895"}],"version-history":[{"count":22,"href":"https:\/\/bibliotecas.aeqb.edu.pt\/index.php?rest_route=\/wp\/v2\/pages\/895\/revisions"}],"predecessor-version":[{"id":1943,"href":"https:\/\/bibliotecas.aeqb.edu.pt\/index.php?rest_route=\/wp\/v2\/pages\/895\/revisions\/1943"}],"wp:attachment":[{"href":"https:\/\/bibliotecas.aeqb.edu.pt\/index.php?rest_route=%2Fwp%2Fv2%2Fmedia&parent=895"}],"curies":[{"name":"wp","href":"https:\/\/api.w.org\/{rel}","templated":true}]}}